0797
c16326 (base 15) to base 10
9184086
Convert 76bca6 (base 13) to base 9.
5232367
Convert -15437635 (base 9) to base 6.
-433023522
Convert -38594 (base 12) to base 9.
-126384
What is -35b14 (base 12) in base 4?
-101230000
c42133 (base 14) to base 9
13388640
5223100 (base 6) to base 10
252108
What is -10001010011001000 (base 2) in base 16?
-114c8
Convert -326810 (base 9) to base 8.
-575344
2727e9 (base 15) to base 10
1881669
Convert -1210030201 (base 5) to base 8.
-12570732
Convert 918be6 (base 16) to base 3.
122221121102001
Convert 325410 (base 8) to base 4.
122230020
Convert 110001111100011101001111 (base 2) to base 13.
293546a
-11111011110100 (base 2) to base 16
-3ef4
11ea84a (base 15) to base 10
12894370
What is 8725295 (base 10) in base 13?
1a665c7
What is 33a0 (base 11) in base 8?
10562
10001124 (base 5) to base 14
20761
What is -3146aa (base 12) in base 5?
-144301023
Convert -3001502 (base 6) to base 9.
-233482
21021222010 (base 3) to base 12
6b119
Convert -8681686 (base 9) to base 11.
-26a2913
What is 1263b9 (base 12) in base 9?
508206
-48407 (base 10) to base 15
-e522
-578959 (base 10) to base 15
-b6824
What is -10100000001010100111 (base 2) in base 6?
-22021115
Convert -13124763 (base 8) to base 12.
-b91b03
What is -10322411320 (base 5) in base 16?
-a9f51f
Convert -429251 (base 13) to base 9.
-2841268
Convert -101230221 (base 5) to base 12.
-17ba04
Convert -4430210042 (base 5) to base 14.
-13c4688
1101001110100110101101 (base 2) to base 5
1341431233
-7e5f (base 16) to base 8
-77137
What is 209212b (base 13) in base 10?
9915267
Convert -1211331002 (base 4) to base 14.
-ac28a
What is -217d78 (base 16) in base 7?
-24440600
Convert -133c83b (base 14) to base 2.
-100011011100110000000101
-11ee7c (base 15) to base 3
-1121201102000
233323102 (base 4) to base 14
5177c
Convert -35d875 (base 16) to base 15.
-49a89b
Convert -7eb02 (base 16) to base 4.
-1332230002
What is -14070 (base 9) in base 8?
-22504
Convert 59a6e (base 16) to base 3.
200122201112
Convert -20221411 (base 5) to base 16.
-2808d
-3041763 (base 9) to base 6
-54432520
Convert -1ea5b (base 16) to base 15.
-272db
1332878 (base 10) to base 13
3788b1
1200202441 (base 5) to base 14
514c96
-10411431 (base 5) to base 13
-3284a
2c405 (base 13) to base 10
84167
Convert -13326515 (base 7) to base 13.
-3428c3
4057692 (base 11) to base 4
123112120321
What is -89ba7b (base 13) in base 9?
-6107675
25802 (base 14) to base 4
112133122
Convert 360014 (base 7) to base 13.
23687
What is -3412413 (base 5) in base 15?
-12d3d
Convert -3063114 (base 8) to base 15.
-110b9a
What is 205235401 (base 6) in base 14?
6a0a81
-1145254 (base 8) to base 14
-82628
Convert 6221253 (base 8) to base 16.
1922ab
110302311 (base 4) to base 3
11022211120
122020120100 (base 3) to base 15
6a869
What is -2664142 (base 7) in base 13?
-c42a9
Convert -2364a8 (base 11) to base 7.
-3120111
Convert -2777964 (base 10) to base 5.
-1202343324
-1205430110 (base 6) to base 15
-130ac2c
-fb0b3 (base 16) to base 3
-1221020112021
-101000010111101110000 (base 2) to base 9
-2435558
-101001010100001010 (base 2) to base 15
-3521b
Convert a5154 (base 12) to base 9.
358521
What is -35271 (base 13) in base 11?
-66a51
What is -3273607 (base 9) in base 10?
-1761028
What is -1121120122220 (base 3) in base 2?
-11010001011010111011
What is 21011020212 (base 3) in base 10?
140882
-aa9d0 (base 14) to base 15
-827eb
-20404103 (base 5) to base 2
-101001010100111110
Convert 1c0c0 (base 13) to base 4.
31130221
What is 101100321002 (base 4) in base 13?
c25bb9
-323440414 (base 5) to base 10
-1390109
a2472 (base 11) to base 4
210202003
What is -1297022 (base 14) in base 12?
-300709a
What is -191235 (base 12) in base 9?
-736135
What is -2201140 (base 5) in base 7?
-214553
Convert 250318 (base 11) to base 13.
10b148
Convert 54d79 (base 15) to base 6.
5440240
What is 2c8a4 (base 15) in base 4?
203011120
What is -622b58 (base 14) in base 8?
-14503612
Convert 2847700 (base 11) to base 10.
4900258
What is b0d6 (base 14) in base 11?
20901
What is -23202002 (base 5) in base 2?
-110011001011011011
-143233211 (base 5) to base 12
-306b90
What is -33245340 (base 8) in base 14?
-d463ba
What is -322770 (base 9) in base 6?
-4042313
203813 (base 11) to base 16
4fda5
-317b6 (base 15) to base 10
-156996
What is -12344335 (base 10) in base 5?
-11130004320
What is -272726 (base 11) in base 13?
-11cb3a
Convert 204144 (base 7) to base 8.
104373
Convert -11000010110111111000 (base 2) to base 12.
-325b08
What is -3893034 (base 13) in base 14?
-24d19c2
What is -644133 (base 8) in base 6?
-4335551
-15a873 (base 12) to base 9
-624856
Convert -5a0a5 (base 12) to base 10.
-121085
-15b7459 (base 12) to base 4
-101003203011
Convert 25421 (base 15) to base 13.
42262
What is 102021101202 (base 3) in base 9?
367352
11130010 (base 5) to base 4
120013003
Convert -340551 (base 8) to base 2.
-11100000101101001
Convert -2044030214 (base 5) to base 12.
-1526840
Convert 21455200 (base 6) to base 2.
10011101100010010000
-100020333 (base 4) to base 7
-363513
Convert -403210 (base 7) to base 6.
-1244254
Convert -1c6613 (base 16) to base 5.
-434024024
-49818 (base 16) to base 8
-1114030
Convert 1bd968 (base 16) to base 3.
10102201121100
Convert 2890730 (base 10) to base 15.
3c17a5
-321212003 (base 5) to base 8
-5116336
What is 4c5429 (base 13) in base 8?
7010760
What is 24082b (base 12) in base 2?
10001110000010100011
What is 1305032 (base 9) in base 12?
2a4232
What is -10111011110110010 (base 2) in base 7?
-550255
What is 2243021 (base 6) in base 10?
114709
Convert 11101000111010111 (base 2) to base 9.
201525
What is -310a331 (base 11) in base 5?
-2401130231
What is -24012443 (base 6) in base 10?
-748395
-33344003 (base 5) to base 6
-10143220
What is -16568146 (base 9) in base 7?
-130436523
-2709438 (base 10) to base 11
-1590706
-121460 (base 9) to base 11
-50067
Convert 1621575 (base 8) to base 15.
93942
34307123 (base 8) to base 15
9c0088
Convert -101002001201122 (base 3) to base 11.
-3028354
Convert -74148 (base 12) to base 5.
-14333024
Convert 47983 (base 13) to base 7.
1054441
Convert 1133243 (base 6) to base 5.
3342232
Convert -222230023 (base 4) to base 14.
-47a1d
-3e7a1a (base 15) to base 7
-34415413
What is -642081 (base 10) in base 3?
-1012121202210
512432 (base 7) to base 10
87341
Convert 45476606 (base 8) to base 11.
5626960
Convert 32212310 (base 4) to base 3.
10001001212
-241b3 (base 13) to base 14
-1a1c5
What is -11451 (base 7) in base 11?
-2266
b2de5 (base 15) to base 7
4550243
475608 (base 9) to base 15
59c42
-54521301 (base 6) to base 11
-a12242
-810bc6 (base 13) to base 16
-2dca5e
-6c5978 (base 13) to base 5
-1130124340
What is -11010111101000011010111 (base 2) in base 4?
-122331003113
Convert 7051 (base 16) to base 9.
43387
-87702 (base 13) to base 15
-4c91c
Convert 2011120101120 (base 3) to base 10.
1152834
What is -2c346 (base 14) in base 4?
-122331022
Convert 126052 (base 8) to base 7.
242332
1123400222 (base 6) to base 16
be8e96
Convert -21202111002 (base 3) to base 8.
-452212
Convert -113b614 (base 12) to base 14.
-624b04
-102122121210110 (base 3) to base 12
-20a78a9
-178380 (base 13) to base 4
-2033321133
1000000111010001 (base 2) to base 4
20013101
Convert 11011010011101 (base 2) to base 12.
8111
111211012121 (base 3) to base 9
454177
What is 1aa337 (base 11) in base 8?
1163226
Convert -cbbac (base 14) to base 8.
-1703654
61090 (base 12) to base 5
13020002
104055553 (base 6) to base 5
434432023
Convert -29aa1 (base 12) to base 5.
-3333320
Convert -140442313 (base 5) to base 13.
-1c2030
-2240077 (base 11) to base 3
-21101100112121
What is -4af02b (base 16) in base 11?
-28548aa
What is -2755666 (base 8) in base 11?
-490973
Convert -39dac (base 15) to base 8.
-551771
What is 20022100002102 (base 3) in base 4?
30302202200
Convert -26a2690 (base 11) to base 12.
-1688451
-11439 (base 13) to base 8
-75372
46182a7 (base 11) to base 16
7b4376
What is 23110501 (base 6) in base 16?
ad1e5
Convert 66a18 (base 16) to base 9.
710574
63213 (base 12) to base 11
89664
What is 2808368 (base 11) in base 6?
251443303
What is -439134 (base 12) in base 6?
-35000504
Convert 1957038 (base 10) to base 12.
7a4666
Convert 441211143 (base 5) to base 9.
3512105
60039 (base 13) to base 7
1312515
Wh